{"id":1541,"date":"2015-12-11T10:18:22","date_gmt":"2015-12-11T10:18:22","guid":{"rendered":"http:\/\/test.skandek.dk\/?page_id=1541"},"modified":"2015-12-14T11:12:42","modified_gmt":"2015-12-14T11:12:42","slug":"egenfrekvens","status":"publish","type":"page","link":"https:\/\/skandek.dk\/en\/ingenioer\/egenfrekvens\/","title":{"rendered":"Own frequency"},"content":{"rendered":"<p>[vc_row][vc_column width=&#8221;2\/3&#8243; css=&#8221;.vc_custom_1447163416332{border-top-width: 1px !important;border-right-width: 1px !important;border-bottom-width: 1px !important;border-left-width: 1px !important;border-left-color: #777777 !important;border-left-style: solid !important;border-right-color: #777777 !important;border-right-style: solid !important;border-top-color: #777777 !important;border-top-style: solid !important;border-bottom-color: #777777 !important;border-bottom-style: solid !important;}&#8221;][vc_text_separator title=&#8221;Egenfrekvens&#8221;][vc_column_text]<\/p>\n<div id=\"c2849\" class=\"csc-default\">\n<div class=\"csc-textpic csc-textpic-center csc-textpic-above\">\n<div class=\"csc-textpic-text\">\n<div id=\"c2764\" class=\"csc-default\">\n<div class=\"csc-textpic csc-textpic-center csc-textpic-below\">\n<div class=\"csc-textpic-text\">\n<div id=\"c2912\" class=\"csc-default\">\n<div class=\"csc-textpic csc-textpic-center csc-textpic-below\">\n<div class=\"csc-textpic-text\">\n<div id=\"c1752\" class=\"csc-default\">\n<div class=\"csc-textpic csc-textpic-intext-right\">\n<div class=\"csc-textpic-text\">\n<div id=\"c1757\" class=\"csc-default\">\n<p class=\"bodytext\">N\u00e5r SkanDek elementer anvendes til etaged\u00e6k, kan det v\u00e6re n\u00f8dvendigt, at betragte elementernes egenfrekvens.<\/p>\n<p class=\"bodytext\">I &#8220;Sikkerhed og last i henhold til EN 1990 og EN 1991&#8221;, som er gjort g\u00e6ldende pr. 1 januar 2009, er der i det nationale Anneks for Danmark kommet et punkt omkring egenfrekvens i anvendelsesgr\u00e6nsetilstanden (SLS).<\/p>\n<p class=\"bodytext\">Egenfrekvens er ofte kendt, n\u00e5r vi snakker om rytmisk personlast ved eksempeltvis tribuner, fitnesscentre mv. I det nationale Anneks skal man ligeledes sikre sig, at boliger og kontorlokaler opfylder en h\u00f8j egenfrekvens.<\/p>\n<p class=\"bodytext\">Dynamiske laster fra personer kan f\u00e5 elementerne til at svinge\/vibrere. Jo st\u00f8rre egenfrekvens d\u00e6kket har, jo sv\u00e6rere vil det v\u00e6re at s\u00e6tte i svingninger. Hvis elementerne bliver sat i svingninger kan det virke ubehageligt for de personer, der f\u00e6rdes p\u00e5 etaged\u00e6kket. Kravet til egenfrekvensen b\u00f8r s\u00e5ledes afh\u00e6nge af, hvilken funktion lokalerne skal anvendes til. Hvis egenfrekvensen er st\u00f8rre end 8 Hz vil der normalt ikke v\u00e6re nogen svingningsproblemer. Hvis man som bygherre \u00f8nsker en egenfrekvens p\u00e5 over 8 Hz, vil dette ofte have stor konsekvens p\u00e5 \u00f8konomien, pga en kraftig for\u00f8gelse af b\u00e6rebj\u00e6lker i elementerne. Man b\u00f8r derfor overveje hvilken konsekvens det har for bygherren, hvis man sl\u00e6kker kravet fra 8 Hz til f.eks 5 Hz<\/p>\n<p class=\"bodytext\">De faktorer, der har st\u00f8rst indflydelse p\u00e5 elementernes egensvingninger er sp\u00e6ndevidden og egenlasten. Jo st\u00f8rre lasten er og jo l\u00e6ngere elementerne bliver, jo mindre vil elementernes egenfrekvens blive.<\/p>\n<\/div>\n<\/div>\n<\/div>\n<\/div>\n<\/div>\n<\/div>\n<\/div>\n<\/div>\n<\/div>\n<\/div>\n<\/div>\n<\/div>\n<\/div>\n<p>[\/vc_column_text][\/vc_column][vc_column width=&#8221;1\/3&#8243;][vc_column_text css_animation=&#8221;left-to-right&#8221; css=&#8221;.vc_custom_1450091504608{margin-top: -20px !important;margin-bottom: 0px !important;}&#8221;]<strong>Beregn Etaged\u00e6k<\/strong>[\/vc_column_text][vc_single_image image=&#8221;487&#8243; img_size=&#8221;full&#8221; alignment=&#8221;center&#8221; onclick=&#8221;custom_link&#8221; css_animation=&#8221;top-to-bottom&#8221; link=&#8221;\/wp-content\/excel\/Etagedaek_elementer.xls&#8221;][\/vc_column][\/vc_row]<\/p>\n","protected":false},"excerpt":{"rendered":"<p>[vc_row][vc_column width=&#8221;2\/3&#8243; css=&#8221;.vc_custom_1447163416332{border-top-width: 1px !important;border-right-width: 1px !important;border-bottom-width: 1px !important;border-left-width: 1px !important;border-left-color: #777777 !important;border-left-style: solid !important;border-right-color: #777777 !important;border-right-style: solid !important;border-top-color: #777777 !important;border-top-style: solid !important;border-bottom-color: #777777 !important;border-bottom-style: solid !important;}&#8221;][vc_text_separator title=&#8221;Egenfrekvens&#8221;][vc_column_text] N\u00e5r SkanDek elementer anvendes til etaged\u00e6k, kan det v\u00e6re n\u00f8dvendigt, at betragte elementernes egenfrekvens. I &#8220;Sikkerhed og last i henhold til EN 1990 og EN 1991&#8221;, som &#8230; <a title=\"Own frequency\" class=\"read-more\" href=\"https:\/\/skandek.dk\/en\/ingenioer\/egenfrekvens\/\">Read more<span class=\"screen-reader-text\">Own frequency<\/span><\/a><\/p>\n","protected":false},"author":4,"featured_media":0,"parent":37,"menu_order":0,"comment_status":"closed","ping_status":"closed","template":"","meta":[],"_links":{"self":[{"href":"https:\/\/skandek.dk\/en\/wp-json\/wp\/v2\/pages\/1541"}],"collection":[{"href":"https:\/\/skandek.dk\/en\/wp-json\/wp\/v2\/pages"}],"about":[{"href":"https:\/\/skandek.dk\/en\/wp-json\/wp\/v2\/types\/page"}],"author":[{"embeddable":true,"href":"https:\/\/skandek.dk\/en\/wp-json\/wp\/v2\/users\/4"}],"replies":[{"embeddable":true,"href":"https:\/\/skandek.dk\/en\/wp-json\/wp\/v2\/comments?post=1541"}],"version-history":[{"count":2,"href":"https:\/\/skandek.dk\/en\/wp-json\/wp\/v2\/pages\/1541\/revisions"}],"predecessor-version":[{"id":1659,"href":"https:\/\/skandek.dk\/en\/wp-json\/wp\/v2\/pages\/1541\/revisions\/1659"}],"up":[{"embeddable":true,"href":"https:\/\/skandek.dk\/en\/wp-json\/wp\/v2\/pages\/37"}],"wp:attachment":[{"href":"https:\/\/skandek.dk\/en\/wp-json\/wp\/v2\/media?parent=1541"}],"curies":[{"name":"wp","href":"https:\/\/api.w.org\/{rel}","templated":true}]}}

<p>[vc_row][vc_column width=&#8221;2/3&#8243; css=&#8221;.vc_custom_1447163416332{border-top-width: 1px !important;border-right-width: 1px !important;border-bottom-width: 1px !important;border-left-width: 1px !important;border-left-color: #777777 !important;border-left-style: solid !important;border-right-color: #777777 !important;border-right-style: solid !important;border-top-color: #777777 !important;border-top-style: solid !important;border-bottom-color: #777777 !important;border-bottom-style: solid !important;}&#8221;][vc_text_separator title=&#8221;Egenfrekvens&#8221;][vc_column_text]</p>
<div id="c2849" class="csc-default">
<div class="csc-textpic csc-textpic-center csc-textpic-above">
<div class="csc-textpic-text">
<div id="c2764" class="csc-default">
<div class="csc-textpic csc-textpic-center csc-textpic-below">
<div class="csc-textpic-text">
<div id="c2912" class="csc-default">
<div class="csc-textpic csc-textpic-center csc-textpic-below">
<div class="csc-textpic-text">
<div id="c1752" class="csc-default">
<div class="csc-textpic csc-textpic-intext-right">
<div class="csc-textpic-text">
<div id="c1757" class="csc-default">
<p class="bodytext">Når SkanDek elementer anvendes til etagedæk, kan det være nødvendigt, at betragte elementernes egenfrekvens.</p>
<p class="bodytext">I &#8220;Sikkerhed og last i henhold til EN 1990 og EN 1991&#8221;, som er gjort gældende pr. 1 januar 2009, er der i det nationale Anneks for Danmark kommet et punkt omkring egenfrekvens i anvendelsesgrænsetilstanden (SLS).</p>
<p class="bodytext">Egenfrekvens er ofte kendt, når vi snakker om rytmisk personlast ved eksempeltvis tribuner, fitnesscentre mv. I det nationale Anneks skal man ligeledes sikre sig, at boliger og kontorlokaler opfylder en høj egenfrekvens.</p>
<p class="bodytext">Dynamiske laster fra personer kan få elementerne til at svinge/vibrere. Jo større egenfrekvens dækket har, jo sværere vil det være at sætte i svingninger. Hvis elementerne bliver sat i svingninger kan det virke ubehageligt for de personer, der færdes på etagedækket. Kravet til egenfrekvensen bør således afhænge af, hvilken funktion lokalerne skal anvendes til. Hvis egenfrekvensen er større end 8 Hz vil der normalt ikke være nogen svingningsproblemer. Hvis man som bygherre ønsker en egenfrekvens på over 8 Hz, vil dette ofte have stor konsekvens på økonomien, pga en kraftig forøgelse af bærebjælker i elementerne. Man bør derfor overveje hvilken konsekvens det har for bygherren, hvis man slækker kravet fra 8 Hz til f.eks 5 Hz</p>
<p class="bodytext">De faktorer, der har størst indflydelse på elementernes egensvingninger er spændevidden og egenlasten. Jo større lasten er og jo længere elementerne bliver, jo mindre vil elementernes egenfrekvens blive.</p>
</div>
</div>
</div>
</div>
</div>
</div>
</div>
</div>
</div>
</div>
</div>
</div>
</div>
<p>[/vc_column_text][/vc_column][vc_column width=&#8221;1/3&#8243;][vc_column_text css_animation=&#8221;left-to-right&#8221; css=&#8221;.vc_custom_1450091504608{margin-top: -20px !important;margin-bottom: 0px !important;}&#8221;]<strong>Beregn Etagedæk</strong>[/vc_column_text][vc_single_image image=&#8221;487&#8243; img_size=&#8221;full&#8221; alignment=&#8221;center&#8221; onclick=&#8221;custom_link&#8221; css_animation=&#8221;top-to-bottom&#8221; link=&#8221;/wp-content/excel/Etagedaek_elementer.xls&#8221;][/vc_column][/vc_row]</p>

<p>[vc_row][vc_column width=&#8221;2/3&#8243; css=&#8221;.vc_custom_1447163416332{border-top-width: 1px !important;border-right-width: 1px !important;border-bottom-width: 1px !important;border-left-width: 1px !important;border-left-color: #777777 !important;border-left-style: solid !important;border-right-color: #777777 !important;border-right-style: solid !important;border-top-color: #777777 !important;border-top-style: solid !important;border-bottom-color: #777777 !important;border-bottom-style: solid !important;}&#8221;][vc_text_separator title=&#8221;Egenfrekvens&#8221;][vc_column_text] Når SkanDek elementer anvendes til etagedæk, kan det være nødvendigt, at betragte elementernes egenfrekvens. I &#8220;Sikkerhed og last i henhold til EN 1990 og EN 1991&#8221;, som &#8230; <a title="Own frequency" class="read-more" href="https://skandek.dk/en/ingenioer/egenfrekvens/">Read more<span class="screen-reader-text">Own frequency</span></a></p>
